is 1102220203 (base 5) in base 7?
26152135
What is -2a85 (base 15) in base 7?
-35414
335455102 (base 6) to base 4
113131213232
-369404 (base 11) to base 15
-b7d2b
What is -1102202222 (base 4) in base 13?
-bab6c
Convert -145db7a (base 15) to base 13.
-3088732
Convert 977d9 (base 14) to base 11.
230406
Convert 84350 (base 9) to base 11.
3892a
What is 254736 (base 8) in base 11?
60583
Convert -122322201 (base 5) to base 13.
-178168
Convert 8b5835 (base 12) to base 14.
420249
Convert -25661 (base 9) to base 8.
-41634
What is -96791 (base 10) in base 9?
-156685
142010005 (base 6) to base 10
2893973
1220210110100 (base 3) to base 6
33503443
What is 50175325 (base 8) in base 11?
5a56395
50504632 (base 7) to base 2
10000000010001110101111
Convert -14637776 (base 8) to base 14.
-636046
Convert 55725 (base 10) to base 5.
3240400
Convert a822d (base 14) to base 4.
1203100101
What is -200121100 (base 4) in base 9?
-222011
Convert 1165021 (base 11) to base 13.
55c8b7
-3b1748 (base 13) to base 7
-15111304
Convert 14520554 (base 6) to base 14.
d3314
Convert -122122021222 (base 3) to base 8.
-1246123
604101 (base 9) to base 2
1010111001110101100
What is 131341312 (base 5) in base 4?
2133112203
-37555 (base 13) to base 16
-18e59
What is 359680 (base 11) in base 15?
b3986
-126a97 (base 14) to base 13
-1922a9
Convert -40221331 (base 5) to base 4.
-1032023120
Convert 236a2 (base 14) to base 13.
3041a
What is 24a62 (base 11) in base 7?
206422
3977aa (base 11) to base 5
130001311
12627 (base 13) to base 8
102322
3037117 (base 9) to base 3
10001021010121
Convert 2033202323 (base 4) to base 11.
371822
What is -1434117 (base 8) in base 15?
-80ba6
Convert -28b760 (base 13) to base 10.
-996502
20110212000112 (base 3) to base 11
1a40819
Convert 11022000101121 (base 3) to base 9.
4260347
What is 20302211 (base 7) in base 6?
100222255
112313030133 (base 4) to base 9
12244163
Convert -223500 (base 8) to base 5.
-4404314
Convert 111605 (base 10) to base 3.
12200002112
-34432440 (base 5) to base 9
-524414
Convert -182a3a (base 13) to base 16.
-93eda
-222320013 (base 4) to base 7
-1331010
What is -110043541 (base 6) in base 7?
-22464403
What is -49737 (base 15) in base 11?
-150204
-728351 (base 9) to base 6
-13134414
What is -321d5 (base 14) in base 12?
-5a113
Convert -70892 (base 10) to base 4.
-101103230
Convert -11011111110010110000101 (base 2) to base 3.
-111210120022222
-15244 (base 12) to base 4
-13100110
What is -30031221213 (base 4) in base 10?
-3201639
3100332033 (base 4) to base 7
10163325
Convert -481599 (base 13) to base 14.
-329948
What is 381d4 (base 14) in base 11?
94405
-5cef27 (base 16) to base 2
-10111001110111100100111
346365 (base 7) to base 10
62277
-64295 (base 12) to base 11
-8aa74
Convert -213972 (base 11) to base 9.
-571003
-1333202 (base 4) to base 10
-8162
Convert -146025 (base 11) to base 5.
-24241003
Convert -10111010001010000 (base 2) to base 9.
-154662
-1000110010100110000 (base 2) to base 10
-288048
13033112 (base 5) to base 7
1040041
Convert 2a414a (base 13) to base 3.
1221200210101
What is -55a02 (base 14) in base 16?
-32b92
-212422322 (base 5) to base 6
-31220252
What is 222212120110010 (base 3) in base 5?
12124001222
-233110201 (base 4) to base 15
-3c66a
6f642b (base 16) to base 2
11011110110010000101011
-2341423420 (base 5) to base 11
-3072544
What is 3721008 (base 12) in base 13?
22c1ac5
Convert ac9d7 (base 14) to base 15.
84261
2172a (base 14) to base 7
455053
What is 15276a (base 15) in base 16?
f93fd
Convert -13132212102 (base 4) to base 16.
-1de992
Convert 614264 (base 8) to base 5.
22443212
Convert 214113401 (base 5) to base 4.
3202012111
What is -1747 (base 16) in base 11?
-4528
What is a3cc7 (base 15) in base 4?
1332301132
2022201021000 (base 3) to base 5
304000021
What is 3ddb44 (base 15) in base 12?
bba0b4
Convert -3533003 (base 6) to base 15.
-3950c
What is 4015b3 (base 15) in base 5?
1234322133
Convert 72857 (base 13) to base 11.
130641
What is 10001020110112 (base 3) in base 9?
3036415
Convert -7a54a (base 11) to base 12.
-57488
Convert -1211101102201 (base 3) to base 14.
-1b437b
What is -674a9c (base 13) in base 2?
-1001010011010010010100
Convert 11641243 (base 8) to base 11.
14a8118
-b90475 (base 13) to base 4
-100210010130
96242 (base 10) to base 9
156015
10818788 (base 9) to base 5
2322042101
What is -233667 (base 10) in base 4?
-321003003
-1081793 (base 12) to base 11
-1865207
Convert -1064036 (base 7) to base 2.
-100000100101001110
-2b80b3 (base 12) to base 16
-b4987
What is 243233062 (base 7) in base 10?
15218611
Convert -468832 (base 9) to base 8.
-1046727
What is 10111110011000100001100 (base 2) in base 9?
12657520
301cda (base 14) to base 13
448a60
What is -372201 (base 9) in base 12?
-aa047
-1000101000010001 (base 2) to base 15
-a715
Convert e2964 (base 16) to base 12.
389118
-11030021031 (base 4) to base 14
-275b1b
-45022235 (base 6) to base 5
-321344033
What is -b5198b (base 15) in base 14?
-1202593
What is 14b59 (base 16) in base 2?
10100101101011001
Convert -3314140 (base 7) to base 2.
-1100011011010110010
-b6c891 (base 14) to base 15
-8216dd
401122433 (base 6) to base 9
13667033
10002121202 (base 3) to base 15
130de
What is 793278 (base 13) in base 5?
1213110003
What is 1758706 (base 9) in base 15?
146849
-2e815c (base 15) to base 9
-4216016
Convert 3104031211 (base 5) to base 10.
6314556
-85000 (base 10) to base 12
-41234
Convert -4069d (base 16) to base 15.
-53292
What is c7303 (base 13) in base 15?
713d1
What is 130000302 (base 5) in base 7?
5212245
-21332011122 (base 4) to base 8
-11760532
-166912 (base 10) to base 3
-22110221221
6546216 (base 9) to base 15
4965c6
Convert 32312203222 (base 4) to base 16.
3b68ea
-40260048 (base 9) to base 16
-1265528
Convert 153345222 (base 6) to base 5.
1312431232
1111123301 (base 4) to base 12
14a615
What is 666005 (base 10) in base 4?
2202212111
What is -141304 (base 8) in base 4?
-30023010
32001012211 (base 4) to base 12
1292571
-1065132 (base 7) to base 13
-48bc7
1304651 (base 7) to base 13
5c375
Convert -26c73 (base 16) to base 15.
-320e0
Convert -5bcf8d (base 16) to base 2.
-10110111100111110001101
7587531 (base 9) to base 12
1445324
Convert 255ba (base 12) to base 3.
2120220221
-3000013033 (base 4) to base 3
-1110222102021
-41410333 (base 5) to base 11
-213502
What is -110120210100012 (base 3) in base 7?
-110563550
Convert 1047c (base 15) to base 4.
30212322
What is 121014013 (base 5) in base 7?
4535150
Convert 10b5166 (base 14) to base 6.
442424102
What is -a3ba4 (base 12) in base 6?
-4331524
What is -156cc9 (base 15) in base 11?
-648100
-1344341430 (base 5) to base 16
-359733
What is -1244251 (base 7) in base 11?
-100aa2
What is 532c4 (base 13) in base 5?
14244034
Convert a878 (base 13) to base 9.
35113
Convert -221321441 (base 5) to base 6.
-32354540
15024457 (base 8) to base 15
477ce5
-53063450 (base 7) to base 4
-101013102320
What is 740710 (base 8) in base 9?
414663
-1161253 (base 7) to base 11
-a2225
4783116 (base 10) to base 11
2777698
-1101000000010010111000 (base 2) to base 7
-40656003
Convert 2454521 (base 7) to base 14.
83311
What is -1537061 (base 8) in base 5?
-103120110
What is 26a96 (base 14) in base 4?
113102130
What is -10446433 (base 9) in base 2?
-10011010000111100011001
8435375 (base 9) to base 6
240405535
111010133 (base 4) to base 11
59928
What is 14b7a (base 13) in base 16?
998d
Convert -1223031130 (base 4) to base 12.
-192164
Convert 30097b7 (base 12) to base 9.
17787814
Convert 36eed1 (base 16) to base 11.
2039881
What is 22300223121 (base 4) in base 2?
1010110000101011011001
What is -103343014 (base 5) in base 4?
-1231303133
-2000211220 (base 3) to base 9
-60756
What is bc0c6 (base 14) in base 15?
90038
Convert -4213104 (base 8) to base 6.
-40000152
-6c8499 (base 13) to base 16
-2780c4
What is 2201222211212 (base 3) in base 4?
11203210232
-16557136 (base 8) to base 16
-3ade5e
-185737 (base 10) to base 15
-3a077
16530764 (base 8) to base 7
44460464
What is -1eaa1 (base 15) in base 3?
-12002112221
305150550 (base 6) to base 5
2323132334
Convert -4447131 (base 8) to base 10.
-1199705
What is -433852 (base 12) in base 11?
-667393
Convert 110000100100010111011 (base 2) to base 8.
6044273
What is -1103132231 (base 4) in base 12?
-145a65
Conve